l + 37 is divided by 14?
12
Let k(q) = q**2 + 7*q + 26. What is the remainder when 93 is divided by k(-5)?
13
Suppose 7 - 27 = -5*i. Suppose 0 = 3*d + i - 37. Calculate the remainder when d is divided by (-7)/(28/8) + 8.
5
What is the remainder when (25*-3)/(12/(-8)) is divided by 18?
14
Suppose -5*y - 4*h + 89 = 0, -y - y + 5*h + 29 = 0. Suppose v + 22 = 5*a, 2*a + 2*a - v = y. What is the remainder when a is divided by 2?
1
Let m = -2 - -1. What is the remainder when 7 is divided by (4 - m) + 7 + -8?
3
Suppose 22 = 6*t - 2*t - 3*w, 5*w + 14 = t. Let c = -14 + 20. What is the remainder when c is divided by t?
2
Suppose 13*k - 20*k = -1099. What is the remainder when k is divided by 10?
7
Let h be 18/(-24) - (-19)/4. Let s(l) = 2*l**2 - 4*l - 7. Calculate the remainder when s(6) is divided by -7*1*h/(-2).
13
Let r(q) = -8*q - 9. Let z be (6/5)/(2/(-20)). Calculate the remainder when r(z) is divided by 30.
27
Calculate the remainder when 18 is divided by (-3)/7 - 570/(-105).
3
What is the remainder when (0 - 1) + (-2 - -110) is divided by 27?
26
Suppose -30 - 34 = -2*j. What is the remainder when 61 is divided by j?
29
Suppose -k - 22 = -6*k - 3*r, -2*k - 3*r + 16 = 0. Suppose 5*s + 0 = 3*w + 4, -w = s - 12. What is the remainder when w is divided by k?
1
Let f(y) = -y**2 + 3*y**2 - y**2 - 2*y + 4. Calculate the remainder when (-4 - 0) + (-1 - -27) - -3 is divided by f(3).
4
Let k = 6 + -1. Let j(h) = 4*h**2 - 3*h + 1. Let f be j(-3). Suppose -4*r + 4 = -y, -4*r = 5*y - 2*r - f. Calculate the remainder when y is divided by k.
3
What is the remainder when 188 is divided by (-2 + 7)*646/85?
36
Let v = 45 - 36. What is the remainder when v is divided by 2?
1
Calculate the remainder when 74 is divided by -20*(3 + (-51)/12).
24
Let d = 41 + -25. Suppose -x = -5*v - 160, -v + 1 = -2*v. Suppose -124 = -4*z + 3*g, 0*g = -5*z - 4*g + x. Calculate the remainder when z is divided by d.
15
Let q = 2 - -16. Calculate the remainder when 66 is divided by q.
12
Let g = 7 - 0. Let j = g + -1. What is the remainder when 15 is divided by j?
3
Suppose 5*q = -r + 264, 4*q - 139 - 70 = -3*r. Calculate the remainder when q is divided by 11.
9
Let r(b) = b**2 - 7*b - 9. Suppose 3*d = 85 - 31. Suppose 2*s + 0 - d = 0. What is the remainder when 25 is divided by r(s)?
7
Suppose -5 - 51 = -14*h. What is the remainder when 35 is divided by h?
3
Suppose -4*a + 52 - 12 = 0. What is the remainder when 57 is divided by a?
7
Let k(i) = -i**2 - 3*i + 6. Let p be k(-6). Let z = p - -39. Calculate the remainder when z is divided by 7.
6
Calculate the remainder when ((-56)/(-20))/(2/30) is divided by 11.
9
What is the remainder when 20 + (6 - 8/2) is divided by 5?
2
Suppose 5*s - 4*u = 13, -2*s + 1 = -5*s - 2*u. Let v(w) = -8*w + 2. Let a be v(2). What is the remainder when -3 + 2 - a/s is divided by 7?
6
Let n(s) = -16*s + 2. Let y = 4 + -6. Let b be n(y). Suppose 0 = 4*l - 30 - b. Calculate the remainder when 31 is divided by l.
15
Suppose 5*h + 5*k - 128 = 4*k, -4*h = 2*k - 106. Calculate the remainder when h is divided by 10.
5
Let a be -8 - (3 + (2 - 8)). Let l(w) = -w**3 - 6*w**2 - 6*w + 4. Calculate the remainder when 25 is divided by l(a).
7
Suppose d - 17 = -0*d. What is the remainder when 33 is divided by d?
16
Suppose 5 + 13 = 3*t. What is the remainder when 21 is divided by t?
3
Let z = -11 - -26. Calculate the remainder when (-143)/(-5) + 2/5 is divided by z.
14
Let h(f) = 22*f**3 - 4*f**2 + 3*f. Calculate the remainder when h(2) is divided by 34.
30
Let s(f) = -f**3 - 21*f**2 + 21*f - 15. Suppose -8 = -5*a + 82. Calculate the remainder when a is divided by s(-22).
4
Suppose 4*f - 264 = -4*u, 0*u = -5*f - 4*u + 326. Calculate the remainder when f is divided by 16.
14
Suppose -2*b - 2*d = -26, -4*b + 3*d - 53 = -8*b. What is the remainder when 40 is divided by b?
12
What is the remainder when 49 is divided by 552/32 - 2/8?
15
Calculate the remainder when 59 is divided by (7 + -3)*5*1.
19
What is the remainder when -17*(36/(-24) + 1/2) is divided by 2?
1
Suppose -162 = -2*r - 2*x, -x + 3*x = r - 84. Suppose -3*t - 2*t + 144 = d, -3*t - 5*d + r = 0. What is the remainder when t is divided by 16?
13
Suppose 5*f + 3*d = 70, 5*f + 3*d - 75 = -d. What is the remainder when 53 is divided by f?
9
Suppose 3*l + 72 = -0*u + 5*u, -u + 2*l + 13 = 0. Calculate the remainder when 4 is divided by ((-8)/6)/((-10)/u).
0
What is the remainder when 6 is divided by 2/((-2)/3*-3)?
0
Let y(s) = 12*s**2. Let w be y(1). Suppose -q = 4*i - 2*q - 28, -3*q - w = 0. Calculate the remainder when 11 is divided by i.
5
Let g(l) = -l**2 - 12*l - 9. What is the remainder when 1 + 48 + (-1 - -4) is divided by g(-6)?
25
Let m(z) = z + 14. Calculate the remainder when 48 is divided by m(11).
23
Calculate the remainder when 67 - 0*(18/(-4))/9 is divided by 15.
7
Let d be (52/6)/(14/105). Suppose 7 = -2*x + d. Calculate the remainder when x is divided by (-6)/21 + (-144)/(-14).
9
Suppose j + 6*b = b - 3, -5*j - 3*b + 7 = 0. Suppose -3*n + j*n + 30 = 0. What is the remainder when n is divided by 16?
14
Let o(n) = -n**2 + 15*n + 1. Calculate the remainder when 58 is divided by o(14).
13
Suppose -a + 153 = 2*a. Suppose s + d - 18 = 0, 3*s - 6*s + a = 4*d. Calculate the remainder when s is divided by 11.
10
Let i(p) = -p**3 + 10*p**2 + 2*p - 6. What is the remainder when 27 is divided by i(10)?
13
Suppose -17 = -o - 2. Let y = 2 - -41. What is the remainder when y is divided by o?
13
Suppose 0 = -3*s - 3*h + 12, 3*h - 5 + 1 = -s. Suppose -b + 12 = 3*g, -b + 5*g - 3 - 1 = 0. What is the remainder when (-1)/(-1*s/68) is divided by b?
5
Calculate the remainder when 64 is divided by 8/(-12) + 272/12.
20
Let d be 1 - 6*(-2)/3. Suppose -d*y = -2*y - 12. What is the remainder when y is divided by 3?
1
Suppose -2*a - 2*a = c - 12, -5*a = -3*c + 53. Suppose -2*l = -2*t + c, -l = -4*t + 13 + 4. What is the remainder when 4 is divided by t?
1
Suppose -2*d = -2*n - 40, -2*d + 5*d - 65 = -2*n. Calculate the remainder when d is divided by 12.
9
Let i(d) = 21*d - 1. Let n(k) = 2*k - 3. Let r be n(3). Let j = 5 - r. What is the remainder when i(j) is divided by 14?
13
Let z = 31 + -3. What is the remainder when z is divided by 8?
4
Suppose -4*h + 93 = 3*q, 0*h - 2*q = -h + 37. Let r = -44 - -59. Calculate the remainder when h is divided by r.
12
Suppose 2*j + 3*v - 165 = -3*j, -3*v + 99 = 3*j. Suppose -29 = -s + 7*a - 3*a, -4*s - 5*a = -11. What is the remainder when j is divided by s?
6
Suppose -2*o = 23 - 33. Let b = 11 - 8. Calculate the remainder when o is divided by b.
2
Suppose -4*d - 2*g = -370, -2*d + 3*g = 6*g - 195. Calculate the remainder when d is divided by 31.
28
Suppose -3*q + 305 - 80 = 0. Calculate the remainder when q is divided by 11.
9
Suppose 0 = -0*c + 2*c - 22. Let s = -3 - -2. Let w(g) = -31*g. What is the remainder when w(s) is divided by c?
9
Suppose -4*c = 2*v - 52, -6*v - 31 = -c - 2*v. Let g be (-15)/(-10)*(-4)/(-2). Let m = 12 - g. Calculate the remainder when c is divided by m.
6
Let l = -3 + 6. Let b be (24/10)/(l/15). Let m = b - 4. What is the remainder when 14 is divided by m?
6
Suppose -4*a - 4*r + 136 = -2*r, 0 = r - 2. Calculate the remainder when 262 is divided by a.
31
Suppose 5*k - 3*i = 15 + 37, 4*i = 5*k - 51. Let w(a) = 22*a - 2. Calculate the remainder when w(1) is divided by k.
9
Let h be (60/9)/(-5)*21. Let z = -19 - h. Calculate the remainder when 42 is divided by z.
6
Let k(c) = 3*c - 9. Suppose -3*h - h = -92. What is the remainder when h is divided by k(7)?
11
Suppose -21 + 10 = -b. Let k = b - -3. What is the remainder when 54 is divided by k?
12
Let s(v) = v**3 - 7*v**2 + v + 5. Calculate the remainder when s(8) is divided by 20.
17
Suppose -5*p + 2*y + 5 = -29, -3*y = -5*p + 36. Suppose h - p - 20 = 0. What is the remainder when h is divided by 14?
12
Let t be (0 + 6)*(-5)/(-3). Let a = t - 6. Calculate the remainder when 7 is divided by a.
3
Let x = -64 - -110. What is the remainder when x is divided by (-16)/10*20/(-2)?
14
Suppose 0*z = -11*z + 99. What is the remainder when z is divided by (-3)/((9/2)/(-3))?
1
Let l = 15 + -11. Suppose -4*z + 14 = -3*j, -5*j = -z - l - 1. Calculate the remainder when 1 is divided by (3 - j)*(1 + 0).
0
Let i(m) = -m**2 - 9*m - 4. Wh